{"id":1531,"date":"2020-09-28T21:57:40","date_gmt":"2020-09-28T21:57:40","guid":{"rendered":"https:\/\/ssc-hanau-rodenbach.de\/?page_id=1531"},"modified":"2020-09-28T21:58:15","modified_gmt":"2020-09-28T21:58:15","slug":"elternbrief-fuer-offener-ssc-schulsport-lauftest","status":"publish","type":"page","link":"https:\/\/ssc-hanau-rodenbach.de\/?page_id=1531","title":{"rendered":"Elternbrief f\u00fcr Offener SSC-Schulsport-Lauftest f\u00fcr alle Sch\u00fcler und Jugendlichen als Spendenl\u00e4ufe"},"content":{"rendered":"<a href=\"https:\/\/ssc-hanau-rodenbach.de\/wp-content\/uploads\/2020\/09\/20ssclauftestELTERNBRIEF.pdf\" class=\"pdfemb-viewer\" style=\"\" data-width=\"max\" data-height=\"max\"  data-toolbar=\"bottom\" data-toolbar-fixed=\"off\">20ssclauftestELTERNBRIEF<br\/><\/a>\n<p class=\"wp-block-pdfemb-pdf-embedder-viewer\"><\/p>\n","protected":false},"excerpt":{"rendered":"","protected":false},"author":1,"featured_media":0,"parent":0,"menu_order":0,"comment_status":"closed","ping_status":"closed","template":"","meta":[],"_links":{"self":[{"href":"https:\/\/ssc-hanau-rodenbach.de\/index.php?rest_route=\/wp\/v2\/pages\/1531"}],"collection":[{"href":"https:\/\/ssc-hanau-rodenbach.de\/index.php?rest_route=\/wp\/v2\/pages"}],"about":[{"href":"https:\/\/ssc-hanau-rodenbach.de\/index.php?rest_route=\/wp\/v2\/types\/page"}],"author":[{"embeddable":true,"href":"https:\/\/ssc-hanau-rodenbach.de\/index.php?rest_route=\/wp\/v2\/users\/1"}],"replies":[{"embeddable":true,"href":"https:\/\/ssc-hanau-rodenbach.de\/index.php?rest_route=%2Fwp%2Fv2%2Fcomments&post=1531"}],"version-history":[{"count":2,"href":"https:\/\/ssc-hanau-rodenbach.de\/index.php?rest_route=\/wp\/v2\/pages\/1531\/revisions"}],"predecessor-version":[{"id":1533,"href":"https:\/\/ssc-hanau-rodenbach.de\/index.php?rest_route=\/wp\/v2\/pages\/1531\/revisions\/1533"}],"wp:attachment":[{"href":"https:\/\/ssc-hanau-rodenbach.de\/index.php?rest_route=%2Fwp%2Fv2%2Fmedia&parent=1531"}],"curies":[{"name":"wp","href":"https:\/\/api.w.org\/{rel}","templated":true}]}}